(m) = 143*l(m) - 6*r(m). What is the remainder when 3/(9/(-83))*-3 is divided by d(-5)?
17
Let p(j) = -43*j + 1. Suppose 0 = 3*l + 3 - 0. Let m = 2693 - 2681. What is the remainder when p(l) is divided by m?
8
Let q = -7 + 8. Let x be -2*(-7)/14*1. What is the remainder when 23 is divided by 2 + 0 + x + 11/q?
9
Suppose 432*x - 402*x - 2670 = 0. What is the remainder when 610 is divided by x?
76
Let f(o) = 2*o**3 + 5*o**2 - 2*o - 3. Suppose -4*k + k + 9 = 0. Let v be f(k). Let u = v + -41. What is the remainder when u is divided by 13?
10
Suppose -5*i + 71 = -2*j, -93 + 31 = -5*i - j. What is the remainder when 661 is divided by i?
11
Suppose 3*s = 123 + 102. Suppose -86 + 436 = -35*y. Calculate the remainder when s is divided by (-476)/(-30) - (y/(-75))/(-1).
11
Suppose 0*b - 3*b - 9 = -3*w, 4*b = -4*w + 44. Suppose 9*s - 1328 = -w*s. What is the remainder when s is divided by 5?
3
Let c(n) = -21*n - 878. Calculate the remainder when 3847 is divided by c(-42).
3
Let l = -100 - -141. Let x = 233 - 101. Let s = x + l. Calculate the remainder when s is divided by 44.
41
Let c = -793 + 791. Let q(f) = -f + 3. Let k be q(-3). Calculate the remainder when 24 is divided by c*((105/k)/7)/(-1).
4
Let a(b) = 21*b**2 - 2*b + 252. Calculate the remainder when a(0) is divided by 18.
0
Let z(r) = -r**3 + 4*r**2 + 76*r - 65. What is the remainder when z(-9) is divided by 7?
3
Let c = -109 + 129. Let u = 150 + -94. Calculate the remainder when u is divided by c.
16
Let q = 209 + -203. Suppose 9*v - 105 = q*v. Calculate the remainder when 63 is divided by v.
28
Let i be (-1617)/(-15) + 1/5. What is the remainder when ((-44)/(-20) - ((-93)/(-15) + -5))*19 is divided by 1/(-5) + i/15?
5
Let p(y) be the first derivative of -21 + 5*y - 3*y**2 - 4*y + 11 + 7*y**2. What is the remainder when p(1) is divided by 5?
4
Let j(v) = -v**3 - 8*v**2 + 7*v - 35. Let a(z) = -5*z - 101. Let t be a(-18). Calculate the remainder when j(t) is divided by 9.
8
Let x(n) = 172*n + 416. What is the remainder when x(0) is divided by 102?
8
Let t = -469 + 128. Let q = t + 361. Calculate the remainder when 38 is divided by q.
18
Suppose 4*w - 84 = w. Suppose -211*f + 215*f = w. Calculate the remainder when 11 is divided by f.
4
Let t be (102/18 + -5)*-3. Let b(x) = 9*x**2 + 6*x - 3. What is the remainder when 58 is divided by b(t)?
16
Let f be 260 - (1 + -3)*-1. Suppose -12*b + f + 78 = 0. What is the remainder when b is divided by 16?
12
Suppose -2*a - 54 = -3*a. Suppose -l = 5*m - 140, 367*l + 322 = 369*l - 4*m. What is the remainder when l is divided by a?
47
Suppose -234 = 28*n - 46*n. Let y(d) = d**2 + 4*d + 4. Let h(t) = -t**3 - t**2 + t - 10. Let l be h(0). Calculate the remainder when y(l) is divided by n.
12
Let d = 1929 - 1855. What is the remainder when 1923 is divided by d?
73
Let l(p) = -29*p - 3. Suppose 5*s + 17 = 2*q, 11*s - 13*s = -4*q + 10. Calculate the remainder when l(-2) is divided by (4*(92/16 + -1))/q.
17
Suppose -249*b = -694*b + 314 + 7251. What is the remainder when 66/4 - (-2)/4 is divided by b?
0
Suppose 436 = 4*v - 28. Suppose k - 2 = 0, -4*t - 7*k = -5*k - 24. Suppose -t*z = 4*l - 215, z - 2*z = l - 55. What is the remainder when v is divided by l?
56
Let k = -12433 - -13354. What is the remainder when k is divided by 232?
225
Let i(h) = -h**3 + 47*h**2 - 233*h - 282. Calculate the remainder when i(41) is divided by 36.
35
Suppose k + b = 4, 0 = 28*k - 24*k + 3*b - 12. Suppose k = 16*y - 534 - 826. What is the remainder when y is divided by 30?
25
Let c(r) = 1073*r + 312. Calculate the remainder when c(2) is divided by 60.
58
Let j be (-3)/(-6) + (-6)/4 - -69. Suppose -j = -9*v + 58. Suppose -6*m = -19 - 125. Calculate the remainder when m is divided by v.
10
Suppose -2003*i + 192 = -2018*i + 6417. What is the remainder when i is divided by 129?
28
Let f(y) = 6*y**3 + y**2 - y + 2. Suppose 12*z = 3*r, 3*r - 5*z - 12 - 23 = 0. Calculate the remainder when f(2) is divided by r.
12
Let q(t) = t - 15. Let m be q(9). Suppose -5*f + 251 = 3*k + 8, 0 = 4*f + 4*k - 188. What is the remainder when f is divided by 666/37 - (-1 - m)?
12
Suppose -5*h - 9 - 6 = 0. Suppose 20 = -2*s + 3*s. Calculate the remainder when 6/(-4) + 145/2 - h is divided by s.
14
Suppose 5*d + 9*p - 186 = 7*p, d = 4*p + 46. Let y = 305 - d. Calculate the remainder when y is divided by 15.
12
Let x = -151 - -78. Suppose 2*r + 3 - 2 = c, 3*c - 14 = -5*r. Calculate the remainder when (4/4 - x)/r is divided by 27.
20
Let o = 306 + -306. Suppose o = -20*j + 3845 + 1015. What is the remainder when j is divided by 13?
9
Let w(s) = -8*s - 6. Let x(i) = -i - 3. Let j be x(-7). Suppose -5*r = -2*l + 12, j*r - 2*l + 13 = 3*l. What is the remainder when w(r) is divided by 2?
0
Suppose 325*i - 329*i + 16 = 0. Suppose i*f + 22 = 2*a, f - 37 = -3*a + 24. Calculate the remainder when 33 is divided by a.
14
Let x(d) be the second derivative of -d**5/5 - 2*d**4/3 - 2*d**3/3 - 9*d**2 - 158*d. What is the remainder when x(-4) is divided by 65?
61
Let z be (-10)/5 + -108 + (-1)/1. Let l(i) = -i**2 - 11*i - 2. What is the remainder when l(-8) is divided by (-2)/(-3) - 2/(18/z)?
9
Let h(z) = z**2 - 2*z - 27. Let a be h(9). Suppose -9*g + 891 = a. What is the remainder when g is divided by 24?
23
What is the remainder when 29 is divided by (5 - (-30)/(-8)) + -67*4/(-16)?
11
Let u = -191 + 195. What is the remainder when 1/(-5)*u + 1524/5 is divided by 9?
7
Let f be (-3)/((-18)/(-4)) + 40/60. Suppose 3*m = -f*m + 51. Calculate the remainder when 40 is divided by m.
6
Let k be ((-600)/210)/((-2)/7). Suppose -k*h - 83 + 713 = 0. What is the remainder when h is divided by 16?
15
Suppose 3*p - 5400 = -7*p. Suppose l - p = -5*y, -2*l = 3*y + 3*l - 346. Calculate the remainder when y is divided by 11.
8
Let p(m) = m**2 - 44*m + 473. What is the remainder when 489 is divided by p(16)?
14
Suppose -3*z + 210 = 2*z. Let v = 184 - 177. Suppose -18 = -o - v. Calculate the remainder when z is divided by o.
9
Let f(o) = -o**3 + 3*o**2 + 12*o - 24. Calculate the remainder when 874 is divided by f(3).
10
Suppose -39*d + 16893 = 981. What is the remainder when 2052 is divided by d?
12
Let b(x) = -x**3 - 28*x**2 - 28*x - 9. Let d be b(-27). Suppose -d*g + 222 = -30. Calculate the remainder when g is divided by 5.
4
Suppose 4 = -2*h, 4*j + 12*h - 8*h = 760. Suppose -2*y = -546 + j. What is the remainder when y is divided by 4?
1
Let q be ((-1608)/24)/((-1)/2). Suppose 8*i - 6*i - q = 0. Suppose -133 - i = -5*w. What is the remainder when w is divided by 7?
5
Suppose -4*z - 234 = -9*z + 2*h, -3*z + 4*h + 146 = 0. Let d = 36 + z. What is the remainder when d is divided by 152/(-57)*42/(-4)?
26
Let j(s) = -4*s**3 - 2*s**2 - 5*s - 4. Let h be j(-1). Suppose h*o - 5*q - 83 = 0, 116 = o + 3*o - 4*q. Calculate the remainder when o is divided by 8.
7
Let k be 4 + -4 + 4 - 4. Let o be 4 + k + 14 + 0. Suppose 2*a = 5*a - o. Calculate the remainder when a is divided by 2.
0
Let c = 132 + -131. Calculate the remainder when 137 is divided by (-46 + c)*(2 + 144/(-60)).
11
Calculate the remainder when 74/481 - 5/65*-17301 is divided by 332.
3
Let a(x) = 6*x**2 + 229*x + 263. What is the remainder when a(-40) is divided by 8?
7
Let y = 201 + -192. Suppose c = 0, 5*l + 564 = y*l - c. What is the remainder when l is divided by 16?
13
Suppose -17*p + 10*p = 0. Suppose -5*z - 35 + 120 = p. Let m = 24 - -32. Calculate the remainder when m is divided by z.
5
Suppose w + 10 = 2*k, 2*k - 14 = -2*w + w. Suppose 4 = 7*i + 60. Let o(b) = -b**3 - 12*b**2 - 36*b - 17. Calculate the remainder when o(i) is divided by k.
3
Suppose -43723 = -111*c - 10531 + 69150. What is the remainder when c is divided by 44?
42
Suppose -2*v = 5*s + 4 - 8, -v + 2 = 2*s. Let p = 22 - -12. Calculate the remainder when (640/(-35))/(v/(-7)) is divided by p.
30
Suppose -8*l = 9*l - 1309. Suppose 81 = 3*j - 0*m - 3*m, -3*j + l = m. Let t(k) = k**2 + 2*k. Calculate the remainder when j is divided by t(-5).
11
Let n(z) = -5*z**2 + 129*z + 42. Suppose 8*w = -5*o + 4*w + 122, o + w - 24 = 0. What is the remainder when n(o) is divided by 9?
7
Suppose 0 = 430*z - 424*z - 24. Let a(j) = 7*j**2 - j. Let q be a(1). Let k = q + 8. What is the remainder when k is divided by z?
2
Let m = 96 - 110. L